87 = -5*j + 2*b + b, -p*j + 66 = b. What is the tens digit of j?
3
Let c(f) = f**2 - 6*f + 6. Let a be c(5). Suppose -y - 2 = -a. What is the tens digit of 0 + -2 - 56/y?
5
Suppose 2*w + 175 = 7*w. Let r = 82 - w. What is the tens digit of r?
4
Let x = 184 + -259. Let v = 106 + x. Let d = v - 4. What is the units digit of d?
7
Suppose -23 = 3*n + u, 4*u + 5 = 21. What is the units digit of -2*(-47 + n/(-3))?
8
Let i(l) be the first derivative of -l**4/4 + l**3/3 + l**2 + 4*l - 23. What is the tens digit of i(-3)?
3
Let x be -1 - (2 + -3 - -24). Let z = x - -54. What is the tens digit of z?
3
Let w(u) = -14*u + 83. What is the units digit of w(-39)?
9
Suppose 0 = -2*c - 2, -3*c = -2*n - 0*c + 289. What is the tens digit of n?
4
Suppose v + 2607 = 2*t, 12*t - 7*t + 4*v - 6550 = 0. What is the hundreds digit of t?
3
Suppose 25 + 107 = 4*z. Let c = z - 53. Let y = c + 42. What is the tens digit of y?
2
Let q(c) = c - 23. Let d(w) = 2*w**2 + 2*w - 3. Let p be d(2). Let k be q(p). What is the units digit of (-2)/7 + (-102)/k?
7
Suppose 7*i - 8*i - 16 = 0. Let p be (-3)/(-2)*84/6. Let q = p + i. What is the units digit of q?
5
Suppose 5*m = 6*m - 1. What is the tens digit of (m + -1 - 0) + 78?
7
Let k = -394 + 1040. What is the tens digit of k?
4
Suppose -41*n - 567 = -42*n. What is the tens digit of n?
6
Let p(j) = j**3 + 12*j**2 + 5*j - 9. Suppose -1 + 11 = 2*n, 40 = -2*f + 4*n. Let z be p(f). Suppose -109 = -5*d + z. What is the units digit of d?
0
Let s(p) be the second derivative of 11*p**3/6 + 2*p**2 + 7*p. Let i be s(-6). What is the tens digit of i*((-12)/8)/3?
3
Suppose 15*s - 1320 = 210. Suppose -b = a + 10 - 72, -5*b = -2*a - 303. Let x = s - b. What is the tens digit of x?
4
Let h(b) = -b**2 - 4*b + 2. Let t be h(-4). Suppose -5*f + 3*f + 6 = 0. Suppose t*x - 390 = -f*x + 4*g, -g = -3*x + 227. What is the units digit of x?
4
What is the thousands digit of 23752/48*3 + (-9)/6?
1
Suppose -2*u + 4*u + 4 = 0. Let g = u + 4. Suppose g*j + 52 = 6*j. What is the units digit of j?
3
What is the hundreds digit of 10*(-49)/(-3) - (-234)/351?
1
Let o be 4 - (4/1 - 201). Suppose 3*g - 3*a = o, -5*g + a + 385 = 6*a. What is the units digit of g?
2
Let d(y) = -y**3 + 3*y + 30. Let z be d(0). What is the units digit of 2/(-10) - (-5946)/z?
8
Let q = -33 + 35. Suppose -625 + 132 = -5*v + q*h, 2*v + h - 199 = 0. What is the tens digit of v?
9
Let l be (54 - 6)/(2/48). Suppose 8*i + l = 16*i. What is the hundreds digit of i?
1
Let z = -128 - -230. What is the units digit of z?
2
Let d = -24 - -40. Suppose -8*i + 12*i - d = 0. What is the units digit of i?
4
Suppose 0 = -5*v - 7*b + 2*b + 725, 3*b - 3 = 0. What is the hundreds digit of v?
1
What is the hundreds digit of (-9 + 1)/(9/(1593/(-2)))?
7
Let n = 98 + -71. What is the units digit of (276/(-9))/((-114)/n + 4)?
8
Let g be ((-4)/6)/(2/(-39)). Let d(n) = n**2 - 12*n - 11. Let t be d(g). Suppose t*p = 93 + 9. What is the units digit of p?
1
Let z be -1 - (2 + -14)/4. Let h(g) = 2 + 2*g**2 - z + 2*g - 3. What is the tens digit of h(4)?
3
Let p be ((-4)/(-2))/(6/(-120)*-8). Suppose 6*o - 45 = -p*k + o, 45 = 5*k + 4*o. What is the units digit of k?
9
Let u(j) = -10*j**3 + j**2. Let x be u(1). What is the units digit of (-70)/(-22) - x/(495/(-10))?
3
Suppose 2*l - p = 6966, 2*l + 3*p + 713 - 7679 = 0. What is the hundreds digit of l?
4
Suppose -k - 4*k - 2254 = -3*a, -5*a + 3748 = -4*k. What is the units digit of a?
8
Let o(n) = 2*n**2 - 3*n + 7 + 0 - 3. Suppose -4*d + 12 = 0, 5*w - 4*w = -3*d + 5. What is the tens digit of o(w)?
4
Suppose 409 = 2*n - 4*u - 227, 3*n = -2*u + 938. Suppose 0 = -5*s - 5, -n = -4*b + 2*b - 4*s. What is the hundreds digit of b?
1
Let a(n) = -n**2 - 4*n + 9. Let c be a(-5). What is the units digit of ((-26)/c)/((-3)/(-4 + 46))?
1
Let n(h) = h**3 - 7*h**2 + 8*h + 3. Let r be n(3). Let j(c) = -5*c + 53. What is the units digit of j(r)?
8
Suppose 2*b = -5*n + 52, 0*b - 2*b = -3*n - 36. Let d = b - 17. Suppose 0 = 4*z - d*k - 180, 2*z - k - 2*k = 89. What is the tens digit of z?
4
What is the tens digit of ((-6)/(-24))/1 + (-3967)/(-4)?
9
Let x = 51 - -39. Let c = x - 45. What is the units digit of c?
5
Let j(i) = 5*i**3 + 5*i**2 + 6*i + 42. Let f = 32 + -19. Let q(t) = -11*t**3 - 11*t**2 - 13*t - 85. Let r(w) = f*j(w) + 6*q(w). What is the units digit of r(0)?
6
Let n be -1*47*10 - (5 + -2). What is the tens digit of n/(-3) + 1*(-10)/15?
5
Let p = -12 - -18. Suppose -p*a + 10*a - 72 = 0. Suppose -4*q = -q - a. What is the units digit of q?
6
Suppose 2*i = -3*t + 7*i - 708, 0 = t - 5*i + 226. Let h = 28 - t. What is the units digit of h?
9
Let g = 525 - 274. What is the tens digit of g?
5
Let u = -63 + 139. Let h = -43 + u. What is the tens digit of h?
3
Let i = 1035 + -542. What is the hundreds digit of i?
4
Let j(a) = -a**3 - 2*a**2 - a - 4. Let h be j(-3). What is the units digit of 77 + ((-5)/10)/((-1)/h)?
1
Suppose t - 125 = -121, 4*d - 4*t - 6840 = 0. What is the tens digit of d?
1
Suppose 3*a + 3*c - 2*c = 2, 3*a + 2*c = -2. Suppose 4*f - 500 = -a*m, f - 25 = 2*m + 90. What is the units digit of f?
3
Suppose -3*a - 4*v + 278 = 0, -a + 91 = -2*v + 3*v. Let w(x) = 4*x**2 - x. Let z be w(-1). Suppose -a = -3*p - z. What is the tens digit of p?
2
Let d(q) = 2*q**2 - 13*q + 20. What is the hundreds digit of d(17)?
3
Let t(z) be the second derivative of -4*z**3/3 + 3*z**2/2 + z. Suppose 24 + 18 = -14*x. What is the tens digit of t(x)?
2
Let l(g) = -g + 29. Let v be l(12). Suppose v + 53 = 5*o. What is the units digit of o?
4
Let c = 366 + -216. Suppose 9 = 3*i - c. What is the tens digit of i?
5
Suppose 2629 = 7*o - 192. What is the units digit of o?
3
Let i(q) = 63*q + 56. What is the hundreds digit of i(6)?
4
Let b = 499 - 323. Suppose -5*i + 369 = -b. Let k = -64 + i. What is the units digit of k?
5
Let v = 22 - 17. Suppose 2 = -0*l + l, -j + 2*l + v = 0. Suppose -4*u - j = -5*u. What is the units digit of u?
9
Let m be (2 - 2)/(-4 - -2). Suppose -574 = -5*k + c, m = 2*k - 2*c + 5*c - 233. What is the tens digit of k?
1
Suppose 2 = -2*t - 4, -2*q + 2*t = -6. Suppose 8 = k + f, -3*k + q*k + 3*f = -54. Suppose -3 = -a + k. What is the units digit of a?
6
Let x = -1996 - -3607. What is the hundreds digit of x?
6
Let c(w) = w**3 - 2*w**2 - 7*w + 6. Let z(d) = -d**2 - 1 - 4*d + 6*d + 4*d**2. Let i be z(1). What is the tens digit of c(i)?
1
What is the hundreds digit of (0 - -1)/(5 - 3)*682?
3
Suppose 2*r - 36 + 28 = 0, -4*r = -5*t + 5504. What is the tens digit of t?
0
Let m = -859 + 1526. What is the units digit of m?
7
Suppose -3465 = q - 8*q. What is the hundreds digit of q?
4
What is the hundreds digit of 1*15/(-5)*-239?
7
What is the hundreds digit of ((0 - (-5 + 5)) + -1)*-667?
6
Suppose 5*f = -0*f + 5*g + 2035, -3*g = 2*f - 824. What is the tens digit of f?
0
Let w = -8 + 2. What is the tens digit of (2/w)/((-2)/246)?
4
Let h be 65/10 + (-6)/(-4). Suppose -6*y + h*y - 24 = 0. What is the tens digit of y?
1
Suppose -s - s = 5*y + 9, 5*s = -y - 34. Let l(k) = -k**2 - 10*k - 16. Let t be l(s). What is the units digit of 4 - t - -66 - -2?
7
Suppose -5*h = v - 0*h - 15, -h = 5*v - 27. Suppose 0 = -v*x + 4*n + 83, -46 + 10 = -2*x + 3*n. What is the tens digit of x?
1
Let d(b) be the third derivative of 0 + 0*b - 9*b**2 + 1/30*b**5 - 1/3*b**3 + 0*b**4. What is the units digit of d(-2)?
6
Suppose 2*a = -0*a - 3*a. Suppose -2*j + 2*h = -190, 2*j - 3*j + 2*h + 92 = a. What is the units digit of j?
8
Let y(j) be the third derivative of j**4/6 + 11*j**3/3 + 25*j**2. What is the units digit of y(-5)?
2
Let y be 108/26 - (-4)/(-26). Suppose -l + 16 = -y*f, 20 = -3*l + 4*f - 9*f. Suppose -3*z + 27 + 21 = l. What is the units digit of z?
6
Let p = -981 - -1381. What is the tens digit of p?
0
Suppose -l + 4*d + 6 = 0, l + 3*d - 30 = -4*l. Suppose -3*g = -5*v - 914, 7*g = l*g - 4*v + 282. What is the hundreds digit of g?
2
Let w = -2726 - -4166. What is the thousands digit of w?
1
Let t = 17 + 520. What is the hundreds digit of t?
5
Let o(d) = -d**2 + 11*d. Let h(m) be the third derivative of m**5/30 - m**4/8 - 5*m**3/6 - 3*m**2. Let y be h(-2). What is the units digit of o(y)?
8
Suppose 3*i + 2*l - 352 = 2*i, 4*i + 4*l - 1428 = 0. What is the units digit of i?
2
Suppose -2*o = h + 4*h - 13